ors of t(v).
2, 7
Suppose -69*k = -88*k + 20691. List the prime factors of k.
3, 11
Let t(i) = 99*i + 41. What are the prime factors of t(4)?
19, 23
Suppose y + 194 - 39 = 0. Let j = -101 - y. List the prime factors of j.
2, 3
Let x(k) = -k**3 + 4*k**2 - 5. Let v be x(4). Let n be v*(2 + -3)*-1. List the prime factors of (n/2)/((-11)/22).
5
Let g = 0 + -6. Let z(b) = b**2 + 7*b + 6. Let q be z(g). Suppose 4*f - 2*p - 92 = q, -16 = 3*f + 4*p - 96. What are the prime factors of f?
2, 3
Let u(q) = q - 3. Let m be u(3). Suppose p + 3*p - 432 = m. List the prime factors of p.
2, 3
Let d = -107 - 72. Let a = 255 + d. List the prime factors of a.
2, 19
Let c(a) = -10 + 4*a + a**2 - 4 - 5*a. Let g be c(6). Suppose -3*r + 4 + 8 = 3*i, g = r - 2*i. List the prime factors of r.
2
Let k(c) = 63*c**2 - 47*c - 50. List the prime factors of k(-7).
2, 3, 11, 17
Let l(s) = -3080*s - 3. List the prime factors of l(-1).
17, 181
Let y(p) = -p**3 + 8*p**2 - p + 7. Let b be y(9). Let f = b + 143. What are the prime factors of f?
2, 3, 5
Let s(n) = 3*n - 6. Let p be s(2). Let d(k) be the first derivative of k**4/4 + k**3/3 - k**2/2 + 69*k + 1. List the prime factors of d(p).
3, 23
Let d(v) = -2*v + 10. Let y be d(-11). Suppose -2*k = -3*k + y. Suppose 10*s - k = 6*s. List the prime factors of s.
2
Suppose -3*n = -8 - 1. Suppose 2*i - 5*h + 0*h - 259 = 0, -3*h = -n. Suppose b - i = -3*b. What are the prime factors of b?
3, 11
Suppose 2*d - 24 - 22 = 0. Let b = d + -21. Suppose -b*w - 35 = -m, 0 = 2*m - w + 23 - 108. List the prime factors of m.
3, 5
Let k(r) = 25*r - 11 + 12*r - 11. List the prime factors of k(3).
89
Let m = -59 + 215. Suppose 536 = 4*z + m. List the prime factors of z.
5, 19
Suppose 6*j - 2 + 2 = 0. Let b(m) = 2*m**2 - 4*m + 3. Let d be b(2). Suppose d*x + 3*l - 48 = 0, j*l - l = -5. List the prime factors of x.
11
Suppose 22*k - 19*k = -273. Let a = -83 - k. List the prime factors of a.
2
Let b(f) = f**3 + f**2 + f + 70. Let q be b(0). Suppose -2*y = -x - q, -3*x = -5*y + 3*y + 70. List the prime factors of y.
5, 7
List the prime factors of 1/(-1)*36408/(-8).
3, 37, 41
Let k = 53 + -44. List the prime factors of 186/(-9)*k/(-2).
3, 31
Let u be (72/(-16))/(1/(-2)). Suppose u = 3*t - 12. Suppose t*f - 2*f - 45 = 0. What are the prime factors of f?
3
Let f = 241 - -329. What are the prime factors of f?
2, 3, 5, 19
Let f(h) = 146*h**2 + 14*h + 50. What are the prime factors of f(-3)?
2, 661
Let i = -14 - -14. Suppose -4*h + 356 = -i*h. Suppose 71 = 4*d - h. What are the prime factors of d?
2, 5
Suppose 10*g - 31375 = 615. What are the prime factors of g?
7, 457
Let u = 5093 + -2029. List the prime factors of u.
2, 383
Let f be 18/4*8/(-6). Let c = -3 - f. List the prime factors of (-6)/(-1)*18/c.
2, 3
Let s be ((-1)/(-2))/(3/(-2322)). Let u = s + 576. List the prime factors of u.
3, 7
Let a(v) = 186*v + 20. List the prime factors of a(3).
2, 17
Suppose 27 = -2*o - a, 5*a + 36 = -0*o - o. Let y(g) = -g - 11. Let j be y(o). Suppose 4*f - 28 - 8 = -2*t, t + 2 = j. What are the prime factors of f?
2, 5
Let b(l) = -13*l + 7. Let k be b(3). Let x = k - -53. List the prime factors of x.
3, 7
Suppose -4*n - 2*q + 12 = 0, 2 - 8 = -2*n - 2*q. Suppose 0 = -d - 3*s + 20, -2*d + 80 = -s - n*s. List the prime factors of d.
2
Let q(s) = -s**3 + 20*s**2 + 29*s - 30. Let r be q(21). Suppose -k - k + r = 4*x, -2*k + 3*x = -103. What are the prime factors of k?
59
Suppose -5*c + 3*d = -13 - 6, -5*c = 5*d - 35. Suppose -c*x = 661 - 1981. List the prime factors of x.
2, 3, 11
Suppose 6*u = 2*u + 5*c - 6425, 0 = 5*u - 3*c + 8015. What are the prime factors of u/(-75) + (-2)/6?
3, 7
Let y(p) = 4*p**2 + 7*p - 5. List the prime factors of y(7).
2, 3, 5
Let y(m) = -m**3 - 8*m**2 - 7*m + 8. Suppose 5*x = -4*v + 72, -33 = -2*v + v - 5*x. Let g be v/(-2) - (-6)/(-12). List the prime factors of y(g).
2
Let d(p) = 11*p + 10. Let y(n) = -n**2 - 5*n - 1. Suppose 2*z + 3*z = x - 19, -16 = 5*z - 4*x. Let l be y(z). List the prime factors of d(l).
43
Let a(x) = x**3 - 2*x - 1. Let w = -11 + 13. Let z be a(w). Suppose -45 = -z*l + 33. What are the prime factors of l?
2, 13
Suppose -5*s + 3*t + 1001 = t, 609 = 3*s + 3*t. What are the prime factors of s?
3, 67
Let r = -1573 - -2643. List the prime factors of (-8)/2*r/(-20).
2, 107
Suppose h - 2 = -5*g - 0*h, -3*g = -2*h - 9. Suppose 0 = -4*x + n + 16, 2*x + 3*n - g = 7. Suppose -38 = -t - x*m, 24 - 4 = 4*m. List the prime factors of t.
2, 3
Suppose 9*t - 12*t = -36. Let o = t + 105. List the prime factors of o.
3, 13
Suppose -2*i - 12 = 24. Let r(k) = -3*k + 18. What are the prime factors of r(i)?
2, 3
Let d(q) be the second derivative of -q**3/2 - 7*q**2/2 + 5*q. Let b(v) = -9*v - 20. Let u(w) = -2*b(w) + 7*d(w). What are the prime factors of u(-7)?
2, 3
Let d(n) = n**3 + 5*n**2 + 4. Let g be d(-5). Let u(y) = -19*y**3 + 7 + 20*y**3 - 2*y + 0*y**2 - y**2 - 5*y. List the prime factors of u(g).
3
Let j = 2529 - 995. What are the prime factors of j?
2, 13, 59
Suppose -6*l - 567 = 57. Let z = -29 - l. What are the prime factors of z?
3, 5
Let w(d) be the third derivative of -d**6/120 + 13*d**5/60 + d**4/12 + 13*d**3/6 + 12*d**2. List the prime factors of w(13).
3, 13
Suppose 13*u = -1064 + 5081. What are the prime factors of u?
3, 103
Let b = -930 - -1255. List the prime factors of b.
5, 13
Let g(b) = 6*b**3 + 3*b**2 - b - 2. Let q be g(-2). Suppose -3*z = 4*f - 448, -4*z + 5*z = -5*f + 549. Let m = f + q. List the prime factors of m.
73
Let g(u) = -7 - 3 - u + 4 - 3. Let h be g(-9). What are the prime factors of 17 - (4 + -5)*h?
17
Let s be (-4)/(-6)*78/(-4). Let c = s + 187. List the prime factors of c.
2, 3, 29
Let j be (1 + -4 - -2) + 1. Suppose -7*r + 0*r + 1211 = j. List the prime factors of r.
173
Suppose r - 4*x + 32 = 5*r, 2*x = r + 4. Suppose -5*t - r*z = -640, -2*t + 257 = 4*z + 1. List the prime factors of t.
2
Let y(s) = s**2 + s - 1. Let j(k) = -2*k**2 - 27*k - 5. Let o(h) = j(h) + 5*y(h). What are the prime factors of o(10)?
2, 5, 7
Suppose 3*b + 67 = 2*d, -3*b - 154 = -0*d - 5*d. Let x = 60 - d. What are the prime factors of x?
31
Suppose -4 = -4*l - 0*l. List the prime factors of (-3)/(-1) - (-22 - l - -5).
3, 7
Let j(l) = 2*l + 16. Let p be (-4)/(-18) - (-282)/(-54). Let w be j(p). Suppose 3*q - s - 45 = -w*s, s = 2*q - 43. List the prime factors of q.
2, 5
Let q(f) = -64*f - 2. Let x be q(-3). Let j = 163 - 161. Suppose s = -j*l - 0*s + 67, x = 5*l - 5*s. What are the prime factors of l?
5, 7
Let q(d) = 4*d**2 - 2*d - 1. Let u be q(4). Let k be (-63)/(-14)*(-22)/3. Let o = k + u. What are the prime factors of o?
2, 11
Let p(t) = t**3 - 6*t**2 + 9*t - 1. Let g be p(4). Suppose -m - 3*m - i + 159 = 0, 0 = -g*m - 5*i + 115. List the prime factors of m.
2, 5
Suppose -3*u = -12 - 9. Let f(h) = h**2 - 7*h - 10. Let w be f(u). What are the prime factors of w/4*364/(-65)?
2, 7
Suppose 2*h + 1625 = 5*k + 7*h, 0 = -5*h - 15. Suppose -5*w - 72 = k. Let c = -54 - w. List the prime factors of c.
2, 13
Suppose -184*f - 9416 = -195*f. What are the prime factors of f?
2, 107
Let l = -6 - -9. Let c(q) = -1 - l*q - q + 3*q + 3*q**2 + 9*q**3. List the prime factors of c(1).
2, 5
Let d(w) = w**2 - 3*w - 5. Let q be d(-4). Let p be (-12)/15*(0 - 5). Suppose 4*z - 3*z = -x + q, z = p*x - 72. What are the prime factors of x?
19
Let a(j) = 4*j**2 - 7*j - 28. What are the prime factors of a(8)?
2, 43
Let f be 11 + -1 - (-8 + 11). Let c(a) = a**3 - 8*a**2 + 9*a + 2. Let t be c(f). Suppose -20 = -b + t. What are the prime factors of b?
2, 3
Let f = 972 + -385. List the prime factors of f.
587
Let g(b) = -b**3 - 2*b**2 - b. Let j be g(-1). Let f be 2*1 - (10 - 11). Suppose f*y + 10 - 31 = j. What are the prime factors of y?
7
Suppose -9810 - 82191 = -39*l. List the prime factors of l.
7, 337
Suppose -q - 3*s + 516 = 0, -6*q - 2*s + 2632 = -q. Suppose 540 = 5*b - 5*r, 0 = -17*r + 16*r + 4. Suppose 8*z - q = -b. List the prime factors of z.
2, 13
Let v(m) = 35*m**2 - m. Let j be v(1). Let x(p) = p**3 + 2*p**2 - 4*p - 3. Let q be x(-3). Suppose 2*h + 0*h - j = q. List the prime factors of h.
17
List the prime factors of 1/((-3)/5*(-6)/774).
5, 43
Suppose 3*c = 11 + 4. Suppose 5*f - c*t - 30 = 0, 4*t + 8 = f + t. Suppose f = 2*a - 7. What are the prim